{"id":13,"date":"2024-05-21T06:06:19","date_gmt":"2024-05-21T04:06:19","guid":{"rendered":"http:\/\/prepasup-tahiti.com\/?page_id=13"},"modified":"2025-06-28T05:30:44","modified_gmt":"2025-06-28T03:30:44","slug":"nos-services","status":"publish","type":"page","link":"https:\/\/prepasup-tahiti.com\/index.php\/nos-services\/","title":{"rendered":"Nos services"},"content":{"rendered":"<h2>Notre offre \u00ab\u00a0Soutien 1\u00e8re\u00a0\u00bb<\/h2>\n<p><img data-recalc-dims=\"1\" decoding=\"async\" class=\"wp-image-275 alignleft lazyload\" data-src=\"https:\/\/i0.wp.com\/prepasup-tahiti.com\/wp-content\/uploads\/2025\/06\/Soutien-1ere.png?resize=120%2C120&#038;ssl=1\" alt=\"\" width=\"120\" height=\"120\" data-srcset=\"https:\/\/i0.wp.com\/prepasup-tahiti.com\/wp-content\/uploads\/2025\/06\/Soutien-1ere.png?resize=300%2C300&amp;ssl=1 300w, https:\/\/i0.wp.com\/prepasup-tahiti.com\/wp-content\/uploads\/2025\/06\/Soutien-1ere.png?resize=150%2C150&amp;ssl=1 150w, https:\/\/i0.wp.com\/prepasup-tahiti.com\/wp-content\/uploads\/2025\/06\/Soutien-1ere.png?resize=768%2C768&amp;ssl=1 768w, https:\/\/i0.wp.com\/prepasup-tahiti.com\/wp-content\/uploads\/2025\/06\/Soutien-1ere.png?resize=100%2C100&amp;ssl=1 100w, https:\/\/i0.wp.com\/prepasup-tahiti.com\/wp-content\/uploads\/2025\/06\/Soutien-1ere.png?w=1024&amp;ssl=1 1024w\" data-sizes=\"(max-width: 120px) 100vw, 120px\" src=\"data:image\/svg+xml;base64,PHN2ZyB3aWR0aD0iMSIgaGVpZ2h0PSIxIiB4bWxucz0iaHR0cDovL3d3dy53My5vcmcvMjAwMC9zdmciPjwvc3ZnPg==\" style=\"--smush-placeholder-width: 120px; --smush-placeholder-aspect-ratio: 120\/120;\" \/>Donne de la puissance \u00e0 ton ann\u00e9e de premi\u00e8re !<br \/>\nLa classe de <strong>Renforcement 1\u00e8re G\u00e9n\u00e9rale<\/strong> s\u2019adresse aux \u00e9l\u00e8ves motiv\u00e9s qui souhaitent <strong>consolider leurs bases<\/strong>, <strong>gagner en m\u00e9thode<\/strong> et <strong>prendre de l\u2019avance<\/strong> dans les mati\u00e8res scientifiques cl\u00e9s : <strong>Math\u00e9matiques, Physique et Chimie.<\/strong><\/p>\n<p>Une pr\u00e9paration strat\u00e9gique pour ceux qui visent une sp\u00e9cialit\u00e9 scientifique solide, une mention au bac ou une orientation s\u00e9lective.<\/p>\n<p><a href=\"https:\/\/prepasup-tahiti.com\/index.php\/nos-services\/pre-inscription-classe-de-1ere-soutien\/\" target=\"_blank\" rel=\"noopener\">Clique sur le lien pour te pr\u00e9-inscrire \u00e0 la 1\u00e8re soutien, gratuitement et sans engagement.\u00a0<\/a><\/p>\n<h2>Notre offre \u00ab\u00a0Terminale Sant\u00e9\u00a0\u00bb<\/h2>\n<p><img data-recalc-dims=\"1\" decoding=\"async\" class=\"wp-image-64 alignleft lazyload\" data-src=\"https:\/\/i0.wp.com\/prepasup-tahiti.com\/wp-content\/uploads\/2024\/05\/dossier-medical-300x300.png?resize=120%2C120\" alt=\"\" width=\"120\" height=\"120\" data-srcset=\"https:\/\/i0.wp.com\/prepasup-tahiti.com\/wp-content\/uploads\/2024\/05\/dossier-medical.png?resize=300%2C300&amp;ssl=1 300w, https:\/\/i0.wp.com\/prepasup-tahiti.com\/wp-content\/uploads\/2024\/05\/dossier-medical.png?resize=150%2C150&amp;ssl=1 150w, https:\/\/i0.wp.com\/prepasup-tahiti.com\/wp-content\/uploads\/2024\/05\/dossier-medical.png?w=512&amp;ssl=1 512w\" data-sizes=\"(max-width: 120px) 100vw, 120px\" src=\"data:image\/svg+xml;base64,PHN2ZyB3aWR0aD0iMSIgaGVpZ2h0PSIxIiB4bWxucz0iaHR0cDovL3d3dy53My5vcmcvMjAwMC9zdmciPjwvc3ZnPg==\" style=\"--smush-placeholder-width: 120px; --smush-placeholder-aspect-ratio: 120\/120;\" \/>Anticipez votre succ\u00e8s en m\u00e9decine avec nos cours de pr\u00e9paration sp\u00e9cialis\u00e9s <strong>pour les \u00e9l\u00e8ves de Terminale Scientifique<\/strong>, con\u00e7us pour <strong>exceller en Licence Acc\u00e8s Sant\u00e9 1\u00e8re Ann\u00e9e (L.AS1)<\/strong>.<\/p>\n<p>Rejoignez notre programme exclusif et donnez-vous les meilleures chances de r\u00e9ussite d\u00e8s maintenant !<\/p>\n<p><a href=\"https:\/\/prepasup-tahiti.com\/index.php\/nos-services\/preinscriptions\/\" target=\"_blank\" rel=\"noopener\">Clique sur le lien pour te pr\u00e9-inscrire \u00e0 la Terminale Sant\u00e9, gratuitement et sans engagement.\u00a0<\/a><\/p>\n<h2>Notre offre \u00ab\u00a0Pr\u00e9paLAS (Grepfoc)\u00a0\u00bb<\/h2>\n<p><img data-recalc-dims=\"1\" decoding=\"async\" class=\"wp-image-63 alignleft lazyload\" data-src=\"https:\/\/i0.wp.com\/prepasup-tahiti.com\/wp-content\/uploads\/2024\/05\/cabinet-dentaire-300x300.png?resize=120%2C120\" alt=\"\" width=\"120\" height=\"120\" data-srcset=\"https:\/\/i0.wp.com\/prepasup-tahiti.com\/wp-content\/uploads\/2024\/05\/cabinet-dentaire.png?resize=300%2C300&amp;ssl=1 300w, https:\/\/i0.wp.com\/prepasup-tahiti.com\/wp-content\/uploads\/2024\/05\/cabinet-dentaire.png?resize=150%2C150&amp;ssl=1 150w, https:\/\/i0.wp.com\/prepasup-tahiti.com\/wp-content\/uploads\/2024\/05\/cabinet-dentaire.png?w=512&amp;ssl=1 512w\" data-sizes=\"(max-width: 120px) 100vw, 120px\" src=\"data:image\/svg+xml;base64,PHN2ZyB3aWR0aD0iMSIgaGVpZ2h0PSIxIiB4bWxucz0iaHR0cDovL3d3dy53My5vcmcvMjAwMC9zdmciPjwvc3ZnPg==\" style=\"--smush-placeholder-width: 120px; --smush-placeholder-aspect-ratio: 120\/120;\" \/>Boostez vos chances de <strong>r\u00e9ussite au concours de m\u00e9decine<\/strong> avec nos cours de soutien sp\u00e9cialis\u00e9s <strong>pour les \u00e9tudiants en Licence Acc\u00e8s Sant\u00e9 1\u00e8re ann\u00e9e (L.AS1).<\/strong><\/p>\n<p>Rejoignez nous pour un accompagnement sur mesure et maximisez vos chances d&rsquo;int\u00e9grer la 2\u00e8me ann\u00e9e de m\u00e9decine \u00e0 Bordeaux<\/p>\n<p><a href=\"https:\/\/prepasup-tahiti.com\/index.php\/nos-services\/preinscription-a-la-prepalas-du-grepfoc\/\" target=\"_blank\" rel=\"noopener\">Clique sur le lien pour te pr\u00e9-inscrire \u00e0 la Pr\u00e9paLAS du GREPFOC, gratuitement et sans engagement.<\/a><\/p>\n<h2>Nos stage de pr\u00e9paration aux concours post-bac<\/h2>\n<p><img data-recalc-dims=\"1\" decoding=\"async\" class=\"wp-image-65 alignleft lazyload\" data-src=\"https:\/\/i0.wp.com\/prepasup-tahiti.com\/wp-content\/uploads\/2024\/05\/belgique-300x300.png?resize=120%2C120\" alt=\"\" width=\"120\" height=\"120\" data-srcset=\"https:\/\/i0.wp.com\/prepasup-tahiti.com\/wp-content\/uploads\/2024\/05\/belgique.png?resize=300%2C300&amp;ssl=1 300w, https:\/\/i0.wp.com\/prepasup-tahiti.com\/wp-content\/uploads\/2024\/05\/belgique.png?resize=150%2C150&amp;ssl=1 150w, https:\/\/i0.wp.com\/prepasup-tahiti.com\/wp-content\/uploads\/2024\/05\/belgique.png?w=512&amp;ssl=1 512w\" data-sizes=\"(max-width: 120px) 100vw, 120px\" src=\"data:image\/svg+xml;base64,PHN2ZyB3aWR0aD0iMSIgaGVpZ2h0PSIxIiB4bWxucz0iaHR0cDovL3d3dy53My5vcmcvMjAwMC9zdmciPjwvc3ZnPg==\" style=\"--smush-placeholder-width: 120px; --smush-placeholder-aspect-ratio: 120\/120;\" \/>Maximisez vos chances de r\u00e9ussite aux examens post-bac de m\u00e9decine avec nos pr\u00e9parations sp\u00e9cialis\u00e9es.<\/p>\n<p>Que ce soit pour le <strong>concours de sant\u00e9 militaire<\/strong> ou le <strong>concours de m\u00e9decine Belgique<\/strong>, notre programme vous offre un accompagnement sur mesure pour exceller et atteindre vos objectifs.<\/p>\n<p>&nbsp;<\/p>\n","protected":false},"excerpt":{"rendered":"<p>Notre offre \u00ab\u00a0Soutien 1\u00e8re\u00a0\u00bb Donne de la puissance \u00e0 ton ann\u00e9e de premi\u00e8re ! La classe de Renforcement 1\u00e8re G\u00e9n\u00e9rale s\u2019adresse aux \u00e9l\u00e8ves motiv\u00e9s qui souhaitent consolider leurs bases, gagner en m\u00e9thode et prendre de l\u2019avance dans les mati\u00e8res scientifiques cl\u00e9s : Math\u00e9matiques, Physique et Chimie. Une pr\u00e9paration strat\u00e9gique pour ceux qui visent une sp\u00e9cialit\u00e9 [&hellip;]<\/p>\n","protected":false},"author":1,"featured_media":0,"parent":0,"menu_order":0,"comment_status":"closed","ping_status":"closed","template":"","meta":{"_exactmetrics_skip_tracking":false,"_exactmetrics_sitenote_active":false,"_exactmetrics_sitenote_note":"","_exactmetrics_sitenote_category":0,"footnotes":""},"class_list":["post-13","page","type-page","status-publish","hentry"],"aioseo_notices":[],"yoast_head":"<!-- This site is optimized with the Yoast SEO plugin v27.4 - https:\/\/yoast.com\/product\/yoast-seo-wordpress\/ -->\n<title>Nos services - PrepaSup Tahiti<\/title>\n<meta name=\"description\" content=\"D\u00e9couvrez les services offerts par Prepasup Tahiti\" \/>\n<meta name=\"robots\" content=\"index, follow, max-snippet:-1, max-image-preview:large, max-video-preview:-1\" \/>\n<link rel=\"canonical\" href=\"https:\/\/prepasup-tahiti.com\/index.php\/nos-services\/\" \/>\n<meta property=\"og:locale\" content=\"fr_FR\" \/>\n<meta property=\"og:type\" content=\"article\" \/>\n<meta property=\"og:title\" content=\"Nos services - PrepaSup Tahiti\" \/>\n<meta property=\"og:description\" content=\"D\u00e9couvrez les services offerts par Prepasup Tahiti\" \/>\n<meta property=\"og:url\" content=\"https:\/\/prepasup-tahiti.com\/index.php\/nos-services\/\" \/>\n<meta property=\"og:site_name\" content=\"PrepaSup Tahiti\" \/>\n<meta property=\"article:publisher\" content=\"https:\/\/www.facebook.com\/PrepaSupTahiti\" \/>\n<meta property=\"article:modified_time\" content=\"2025-06-28T03:30:44+00:00\" \/>\n<meta property=\"og:image\" content=\"https:\/\/prepasup-tahiti.com\/wp-content\/uploads\/2025\/06\/Soutien-1ere-300x300.png\" \/>\n<meta name=\"twitter:card\" content=\"summary_large_image\" \/>\n<meta name=\"twitter:label1\" content=\"Dur\u00e9e de lecture estim\u00e9e\" \/>\n\t<meta name=\"twitter:data1\" content=\"3 minutes\" \/>\n<script type=\"application\/ld+json\" class=\"yoast-schema-graph\">{\"@context\":\"https:\\\/\\\/schema.org\",\"@graph\":[{\"@type\":\"WebPage\",\"@id\":\"https:\\\/\\\/prepasup-tahiti.com\\\/index.php\\\/nos-services\\\/\",\"url\":\"https:\\\/\\\/prepasup-tahiti.com\\\/index.php\\\/nos-services\\\/\",\"name\":\"Nos services - PrepaSup Tahiti\",\"isPartOf\":{\"@id\":\"https:\\\/\\\/prepasup-tahiti.com\\\/#website\"},\"primaryImageOfPage\":{\"@id\":\"https:\\\/\\\/prepasup-tahiti.com\\\/index.php\\\/nos-services\\\/#primaryimage\"},\"image\":{\"@id\":\"https:\\\/\\\/prepasup-tahiti.com\\\/index.php\\\/nos-services\\\/#primaryimage\"},\"thumbnailUrl\":\"https:\\\/\\\/prepasup-tahiti.com\\\/wp-content\\\/uploads\\\/2025\\\/06\\\/Soutien-1ere-300x300.png\",\"datePublished\":\"2024-05-21T04:06:19+00:00\",\"dateModified\":\"2025-06-28T03:30:44+00:00\",\"description\":\"D\u00e9couvrez les services offerts par Prepasup Tahiti\",\"breadcrumb\":{\"@id\":\"https:\\\/\\\/prepasup-tahiti.com\\\/index.php\\\/nos-services\\\/#breadcrumb\"},\"inLanguage\":\"fr-FR\",\"potentialAction\":[{\"@type\":\"ReadAction\",\"target\":[\"https:\\\/\\\/prepasup-tahiti.com\\\/index.php\\\/nos-services\\\/\"]}]},{\"@type\":\"ImageObject\",\"inLanguage\":\"fr-FR\",\"@id\":\"https:\\\/\\\/prepasup-tahiti.com\\\/index.php\\\/nos-services\\\/#primaryimage\",\"url\":\"https:\\\/\\\/i0.wp.com\\\/prepasup-tahiti.com\\\/wp-content\\\/uploads\\\/2025\\\/06\\\/Soutien-1ere.png?fit=1024%2C1024&ssl=1\",\"contentUrl\":\"https:\\\/\\\/i0.wp.com\\\/prepasup-tahiti.com\\\/wp-content\\\/uploads\\\/2025\\\/06\\\/Soutien-1ere.png?fit=1024%2C1024&ssl=1\",\"width\":1024,\"height\":1024},{\"@type\":\"BreadcrumbList\",\"@id\":\"https:\\\/\\\/prepasup-tahiti.com\\\/index.php\\\/nos-services\\\/#breadcrumb\",\"itemListElement\":[{\"@type\":\"ListItem\",\"position\":1,\"name\":\"Accueil\",\"item\":\"https:\\\/\\\/prepasup-tahiti.com\\\/\"},{\"@type\":\"ListItem\",\"position\":2,\"name\":\"Nos services\"}]},{\"@type\":\"WebSite\",\"@id\":\"https:\\\/\\\/prepasup-tahiti.com\\\/#website\",\"url\":\"https:\\\/\\\/prepasup-tahiti.com\\\/\",\"name\":\"PrepaSup Tahiti\",\"description\":\"Pr\u00e9parez vos \u00e9tudes de m\u00e9decine d\u00e9s la terminale!\",\"publisher\":{\"@id\":\"https:\\\/\\\/prepasup-tahiti.com\\\/#organization\"},\"potentialAction\":[{\"@type\":\"SearchAction\",\"target\":{\"@type\":\"EntryPoint\",\"urlTemplate\":\"https:\\\/\\\/prepasup-tahiti.com\\\/?s={search_term_string}\"},\"query-input\":{\"@type\":\"PropertyValueSpecification\",\"valueRequired\":true,\"valueName\":\"search_term_string\"}}],\"inLanguage\":\"fr-FR\"},{\"@type\":\"Organization\",\"@id\":\"https:\\\/\\\/prepasup-tahiti.com\\\/#organization\",\"name\":\"PREPASUP TAHITI\",\"url\":\"https:\\\/\\\/prepasup-tahiti.com\\\/\",\"logo\":{\"@type\":\"ImageObject\",\"inLanguage\":\"fr-FR\",\"@id\":\"https:\\\/\\\/prepasup-tahiti.com\\\/#\\\/schema\\\/logo\\\/image\\\/\",\"url\":\"https:\\\/\\\/i0.wp.com\\\/prepasup-tahiti.com\\\/wp-content\\\/uploads\\\/2024\\\/05\\\/cropped-cropped-Logo-PREPASUP.png?fit=512%2C487&ssl=1\",\"contentUrl\":\"https:\\\/\\\/i0.wp.com\\\/prepasup-tahiti.com\\\/wp-content\\\/uploads\\\/2024\\\/05\\\/cropped-cropped-Logo-PREPASUP.png?fit=512%2C487&ssl=1\",\"width\":512,\"height\":487,\"caption\":\"PREPASUP TAHITI\"},\"image\":{\"@id\":\"https:\\\/\\\/prepasup-tahiti.com\\\/#\\\/schema\\\/logo\\\/image\\\/\"},\"sameAs\":[\"https:\\\/\\\/www.facebook.com\\\/PrepaSupTahiti\"]}]}<\/script>\n<!-- \/ Yoast SEO plugin. -->","yoast_head_json":{"title":"Nos services - PrepaSup Tahiti","description":"D\u00e9couvrez les services offerts par Prepasup Tahiti","robots":{"index":"index","follow":"follow","max-snippet":"max-snippet:-1","max-image-preview":"max-image-preview:large","max-video-preview":"max-video-preview:-1"},"canonical":"https:\/\/prepasup-tahiti.com\/index.php\/nos-services\/","og_locale":"fr_FR","og_type":"article","og_title":"Nos services - PrepaSup Tahiti","og_description":"D\u00e9couvrez les services offerts par Prepasup Tahiti","og_url":"https:\/\/prepasup-tahiti.com\/index.php\/nos-services\/","og_site_name":"PrepaSup Tahiti","article_publisher":"https:\/\/www.facebook.com\/PrepaSupTahiti","article_modified_time":"2025-06-28T03:30:44+00:00","og_image":[{"url":"https:\/\/prepasup-tahiti.com\/wp-content\/uploads\/2025\/06\/Soutien-1ere-300x300.png","type":"","width":"","height":""}],"twitter_card":"summary_large_image","twitter_misc":{"Dur\u00e9e de lecture estim\u00e9e":"3 minutes"},"schema":{"@context":"https:\/\/schema.org","@graph":[{"@type":"WebPage","@id":"https:\/\/prepasup-tahiti.com\/index.php\/nos-services\/","url":"https:\/\/prepasup-tahiti.com\/index.php\/nos-services\/","name":"Nos services - PrepaSup Tahiti","isPartOf":{"@id":"https:\/\/prepasup-tahiti.com\/#website"},"primaryImageOfPage":{"@id":"https:\/\/prepasup-tahiti.com\/index.php\/nos-services\/#primaryimage"},"image":{"@id":"https:\/\/prepasup-tahiti.com\/index.php\/nos-services\/#primaryimage"},"thumbnailUrl":"https:\/\/prepasup-tahiti.com\/wp-content\/uploads\/2025\/06\/Soutien-1ere-300x300.png","datePublished":"2024-05-21T04:06:19+00:00","dateModified":"2025-06-28T03:30:44+00:00","description":"D\u00e9couvrez les services offerts par Prepasup Tahiti","breadcrumb":{"@id":"https:\/\/prepasup-tahiti.com\/index.php\/nos-services\/#breadcrumb"},"inLanguage":"fr-FR","potentialAction":[{"@type":"ReadAction","target":["https:\/\/prepasup-tahiti.com\/index.php\/nos-services\/"]}]},{"@type":"ImageObject","inLanguage":"fr-FR","@id":"https:\/\/prepasup-tahiti.com\/index.php\/nos-services\/#primaryimage","url":"https:\/\/i0.wp.com\/prepasup-tahiti.com\/wp-content\/uploads\/2025\/06\/Soutien-1ere.png?fit=1024%2C1024&ssl=1","contentUrl":"https:\/\/i0.wp.com\/prepasup-tahiti.com\/wp-content\/uploads\/2025\/06\/Soutien-1ere.png?fit=1024%2C1024&ssl=1","width":1024,"height":1024},{"@type":"BreadcrumbList","@id":"https:\/\/prepasup-tahiti.com\/index.php\/nos-services\/#breadcrumb","itemListElement":[{"@type":"ListItem","position":1,"name":"Accueil","item":"https:\/\/prepasup-tahiti.com\/"},{"@type":"ListItem","position":2,"name":"Nos services"}]},{"@type":"WebSite","@id":"https:\/\/prepasup-tahiti.com\/#website","url":"https:\/\/prepasup-tahiti.com\/","name":"PrepaSup Tahiti","description":"Pr\u00e9parez vos \u00e9tudes de m\u00e9decine d\u00e9s la terminale!","publisher":{"@id":"https:\/\/prepasup-tahiti.com\/#organization"},"potentialAction":[{"@type":"SearchAction","target":{"@type":"EntryPoint","urlTemplate":"https:\/\/prepasup-tahiti.com\/?s={search_term_string}"},"query-input":{"@type":"PropertyValueSpecification","valueRequired":true,"valueName":"search_term_string"}}],"inLanguage":"fr-FR"},{"@type":"Organization","@id":"https:\/\/prepasup-tahiti.com\/#organization","name":"PREPASUP TAHITI","url":"https:\/\/prepasup-tahiti.com\/","logo":{"@type":"ImageObject","inLanguage":"fr-FR","@id":"https:\/\/prepasup-tahiti.com\/#\/schema\/logo\/image\/","url":"https:\/\/i0.wp.com\/prepasup-tahiti.com\/wp-content\/uploads\/2024\/05\/cropped-cropped-Logo-PREPASUP.png?fit=512%2C487&ssl=1","contentUrl":"https:\/\/i0.wp.com\/prepasup-tahiti.com\/wp-content\/uploads\/2024\/05\/cropped-cropped-Logo-PREPASUP.png?fit=512%2C487&ssl=1","width":512,"height":487,"caption":"PREPASUP TAHITI"},"image":{"@id":"https:\/\/prepasup-tahiti.com\/#\/schema\/logo\/image\/"},"sameAs":["https:\/\/www.facebook.com\/PrepaSupTahiti"]}]}},"jetpack_sharing_enabled":true,"jetpack-related-posts":[],"_links":{"self":[{"href":"https:\/\/prepasup-tahiti.com\/index.php\/wp-json\/wp\/v2\/pages\/13","targetHints":{"allow":["GET"]}}],"collection":[{"href":"https:\/\/prepasup-tahiti.com\/index.php\/wp-json\/wp\/v2\/pages"}],"about":[{"href":"https:\/\/prepasup-tahiti.com\/index.php\/wp-json\/wp\/v2\/types\/page"}],"author":[{"embeddable":true,"href":"https:\/\/prepasup-tahiti.com\/index.php\/wp-json\/wp\/v2\/users\/1"}],"replies":[{"embeddable":true,"href":"https:\/\/prepasup-tahiti.com\/index.php\/wp-json\/wp\/v2\/comments?post=13"}],"version-history":[{"count":15,"href":"https:\/\/prepasup-tahiti.com\/index.php\/wp-json\/wp\/v2\/pages\/13\/revisions"}],"predecessor-version":[{"id":278,"href":"https:\/\/prepasup-tahiti.com\/index.php\/wp-json\/wp\/v2\/pages\/13\/revisions\/278"}],"wp:attachment":[{"href":"https:\/\/prepasup-tahiti.com\/index.php\/wp-json\/wp\/v2\/media?parent=13"}],"curies":[{"name":"wp","href":"https:\/\/api.w.org\/{rel}","templated":true}]}}